{"id":1019,"date":"2024-10-30T09:11:55","date_gmt":"2024-10-30T08:11:55","guid":{"rendered":"http:\/\/gasthofzumschluessel.ch\/apercus\/stubli\/"},"modified":"2025-06-12T16:20:03","modified_gmt":"2025-06-12T14:20:03","slug":"le-stuebli","status":"publish","type":"page","link":"https:\/\/gasthofzumschluessel.ch\/fr\/apercu\/le-stuebli\/","title":{"rendered":"Le \u00abSt\u00fcbli\u00bb"},"content":{"rendered":"<div class=\"wpb-content-wrapper\"><p>[vc_row full_width=\u00a0\u00bbstretch_row\u00a0\u00bb el_class=\u00a0\u00bbbg-fourth-color margin-bottom-footer border-bottom-white\u00a0\u00bb][vc_column][vc_row_inner equal_height=\u00a0\u00bbyes\u00a0\u00bb content_placement=\u00a0\u00bbmiddle\u00a0\u00bb][vc_column_inner width=\u00a0\u00bb1\/2&Prime;][vc_column_text css=\u00a0\u00bb\u00a0\u00bb]<\/p>\n<h2><b>Le \u00abSt\u00fcbli\u00bb<\/b><\/h2>\n<p>20 places[\/vc_column_text][\/vc_column_inner][vc_column_inner width=\u00a0\u00bb1\/2&Prime;][\/vc_column_inner][\/vc_row_inner][vc_row_inner equal_height=\u00a0\u00bbyes\u00a0\u00bb content_placement=\u00a0\u00bbtop\u00a0\u00bb css=\u00a0\u00bb.vc_custom_1730274421496{margin-top: 30px !important;}\u00a0\u00bb][vc_column_inner width=\u00a0\u00bb1\/2&Prime;][vc_single_image image=\u00a0\u00bb729&Prime; img_size=\u00a0\u00bbfull\u00a0\u00bb css=\u00a0\u00bb.vc_custom_1737735776994{margin-bottom: 30px !important;}\u00a0\u00bb][vc_single_image image=\u00a0\u00bb730&Prime; img_size=\u00a0\u00bbfull\u00a0\u00bb css=\u00a0\u00bb\u00a0\u00bb][\/vc_column_inner][vc_column_inner width=\u00a0\u00bb1\/2&Prime;][vc_column_text css=\u00a0\u00bb\u00a0\u00bb]Petit, mais remarquable\u2026<br \/>\nNotre \u00abSt\u00fcbli\u00bb a \u00e9t\u00e9 am\u00e9nag\u00e9 avec tout l\u2019amour du d\u00e9tail. Des tableaux d\u2019artistes qui fr\u00e9quentaient le Schl\u00fcssel ornent les murs de la pi\u00e8ce. On y savoure un menu raffin\u00e9 accompagn\u00e9 d\u2019excellents vins de notre cave, dans une ambiance tranquille.<\/p>\n<p>&nbsp;<\/p>\n<p><em>A l\u2019\u00e9poque\u2026<\/em><br \/>\n<em>Le \u00abSt\u00fcbli\u00bb \u00e9tait auparavant notre salon. Le dimanche, \u00abMama Rosine\u00bb y r\u00e9unissait toute sa famille. Bien entendu, les serveuses et les domestiques avaient aussi leur place \u00e0 la grande table pour ces repas. <span class=\"Apple-converted-space\">\u00a0<\/span><\/em><\/p>\n<p><em>La totalit\u00e9 du lambris a \u00e9t\u00e9 fabriqu\u00e9e en r\u00e9utilisant du bois de l&rsquo;ancien Schl\u00fcssel. Le sol a \u00e9t\u00e9 trouv\u00e9 au premier \u00e9tage, sous le parquet de la chambre de \u00abMama Boschung\u00bb. Il a \u00e9t\u00e9 d\u00e9mont\u00e9 et minutieusement reconstruit.<\/em>[\/vc_column_text][\/vc_column_inner][\/vc_row_inner][\/vc_column][\/vc_row]<\/p>\n<\/div>","protected":false},"excerpt":{"rendered":"<p>[vc_row full_width=\u00a0\u00bbstretch_row\u00a0\u00bb el_class=\u00a0\u00bbbg-fourth-color margin-bottom-footer border-bottom-white\u00a0\u00bb][vc_column][vc_row_inner equal_height=\u00a0\u00bbyes\u00a0\u00bb content_placement=\u00a0\u00bbmiddle\u00a0\u00bb][vc_column_inner width=\u00a0\u00bb1\/2&Prime;][vc_column_text css=\u00a0\u00bb\u00a0\u00bb] Le \u00abSt\u00fcbli\u00bb 20 places[\/vc_column_text][\/vc_column_inner][vc_column_inner width=\u00a0\u00bb1\/2&Prime;][\/vc_column_inner][\/vc_row_inner][vc_row_inner equal_height=\u00a0\u00bbyes\u00a0\u00bb content_placement=\u00a0\u00bbtop\u00a0\u00bb css=\u00a0\u00bb.vc_custom_1730274421496{margin-top: 30px !important;}\u00a0\u00bb][vc_column_inner width=\u00a0\u00bb1\/2&Prime;][vc_single_image image=\u00a0\u00bb729&Prime; img_size=\u00a0\u00bbfull\u00a0\u00bb css=\u00a0\u00bb.vc_custom_1737735776994{margin-bottom: 30px !important;}\u00a0\u00bb][vc_single_image image=\u00a0\u00bb730&Prime; img_size=\u00a0\u00bbfull\u00a0\u00bb css=\u00a0\u00bb\u00a0\u00bb][\/vc_column_inner][vc_column_inner width=\u00a0\u00bb1\/2&Prime;][vc_column_text css=\u00a0\u00bb\u00a0\u00bb]Petit, mais remarquable\u2026 Notre \u00abSt\u00fcbli\u00bb a \u00e9t\u00e9 am\u00e9nag\u00e9 avec tout l\u2019amour du d\u00e9tail. Des tableaux d\u2019artistes qui fr\u00e9quentaient le Schl\u00fcssel ornent les murs de la pi\u00e8ce. [&hellip;]<\/p>\n","protected":false},"author":1,"featured_media":0,"parent":1015,"menu_order":39,"comment_status":"closed","ping_status":"closed","template":"","meta":{"_acf_changed":false,"inline_featured_image":false,"footnotes":""},"class_list":["post-1019","page","type-page","status-publish","hentry"],"acf":[],"_links":{"self":[{"href":"https:\/\/gasthofzumschluessel.ch\/fr\/wp-json\/wp\/v2\/pages\/1019","targetHints":{"allow":["GET"]}}],"collection":[{"href":"https:\/\/gasthofzumschluessel.ch\/fr\/wp-json\/wp\/v2\/pages"}],"about":[{"href":"https:\/\/gasthofzumschluessel.ch\/fr\/wp-json\/wp\/v2\/types\/page"}],"author":[{"embeddable":true,"href":"https:\/\/gasthofzumschluessel.ch\/fr\/wp-json\/wp\/v2\/users\/1"}],"replies":[{"embeddable":true,"href":"https:\/\/gasthofzumschluessel.ch\/fr\/wp-json\/wp\/v2\/comments?post=1019"}],"version-history":[{"count":2,"href":"https:\/\/gasthofzumschluessel.ch\/fr\/wp-json\/wp\/v2\/pages\/1019\/revisions"}],"predecessor-version":[{"id":1075,"href":"https:\/\/gasthofzumschluessel.ch\/fr\/wp-json\/wp\/v2\/pages\/1019\/revisions\/1075"}],"up":[{"embeddable":true,"href":"https:\/\/gasthofzumschluessel.ch\/fr\/wp-json\/wp\/v2\/pages\/1015"}],"wp:attachment":[{"href":"https:\/\/gasthofzumschluessel.ch\/fr\/wp-json\/wp\/v2\/media?parent=1019"}],"curies":[{"name":"wp","href":"https:\/\/api.w.org\/{rel}","templated":true}]}}

Le «Stübli»

<div class="wpb-content-wrapper"><p>[vc_row full_width= »stretch_row » el_class= »bg-fourth-color margin-bottom-footer border-bottom-white »][vc_column][vc_row_inner equal_height= »yes » content_placement= »middle »][vc_column_inner width= »1/2&Prime;][vc_column_text css= » »]</p>
<h2><b>Le «Stübli»</b></h2>
<p>20 places[/vc_column_text][/vc_column_inner][vc_column_inner width= »1/2&Prime;][/vc_column_inner][/vc_row_inner][vc_row_inner equal_height= »yes » content_placement= »top » css= ».vc_custom_1730274421496{margin-top: 30px !important;} »][vc_column_inner width= »1/2&Prime;][vc_single_image image= »729&Prime; img_size= »full » css= ».vc_custom_1737735776994{margin-bottom: 30px !important;} »][vc_single_image image= »730&Prime; img_size= »full » css= » »][/vc_column_inner][vc_column_inner width= »1/2&Prime;][vc_column_text css= » »]Petit, mais remarquable…<br />
Notre «Stübli» a été aménagé avec tout l’amour du détail. Des tableaux d’artistes qui fréquentaient le Schlüssel ornent les murs de la pièce. On y savoure un menu raffiné accompagné d’excellents vins de notre cave, dans une ambiance tranquille.</p>
<p>&nbsp;</p>
<p><em>A l’époque…</em><br />
<em>Le «Stübli» était auparavant notre salon. Le dimanche, «Mama Rosine» y réunissait toute sa famille. Bien entendu, les serveuses et les domestiques avaient aussi leur place à la grande table pour ces repas. <span class="Apple-converted-space"> </span></em></p>
<p><em>La totalité du lambris a été fabriquée en réutilisant du bois de l&rsquo;ancien Schlüssel. Le sol a été trouvé au premier étage, sous le parquet de la chambre de «Mama Boschung». Il a été démonté et minutieusement reconstruit.</em>[/vc_column_text][/vc_column_inner][/vc_row_inner][/vc_column][/vc_row]</p>
</div>

<p>[vc_row full_width= »stretch_row » el_class= »bg-fourth-color margin-bottom-footer border-bottom-white »][vc_column][vc_row_inner equal_height= »yes » content_placement= »middle »][vc_column_inner width= »1/2&Prime;][vc_column_text css= » »] Le «Stübli» 20 places[/vc_column_text][/vc_column_inner][vc_column_inner width= »1/2&Prime;][/vc_column_inner][/vc_row_inner][vc_row_inner equal_height= »yes » content_placement= »top » css= ».vc_custom_1730274421496{margin-top: 30px !important;} »][vc_column_inner width= »1/2&Prime;][vc_single_image image= »729&Prime; img_size= »full » css= ».vc_custom_1737735776994{margin-bottom: 30px !important;} »][vc_single_image image= »730&Prime; img_size= »full » css= » »][/vc_column_inner][vc_column_inner width= »1/2&Prime;][vc_column_text css= » »]Petit, mais remarquable… Notre «Stübli» a été aménagé avec tout l’amour du détail. Des tableaux d’artistes qui fréquentaient le Schlüssel ornent les murs de la pièce. [&hellip;]</p>
