{"id":1015,"date":"2024-10-25T17:07:12","date_gmt":"2024-10-25T15:07:12","guid":{"rendered":"http:\/\/gasthofzumschluessel.ch\/einblicke\/"},"modified":"2025-11-03T16:27:53","modified_gmt":"2025-11-03T15:27:53","slug":"apercu","status":"publish","type":"page","link":"https:\/\/gasthofzumschluessel.ch\/fr\/apercu\/","title":{"rendered":"Aper\u00e7u"},"content":{"rendered":"<div class=\"wpb-content-wrapper\"><p>[vc_row full_width=\u00a0\u00bbstretch_row\u00a0\u00bb el_class=\u00a0\u00bbbg-secondary-color pb-0&Prime;][vc_column][vc_row_inner equal_height=\u00a0\u00bbyes\u00a0\u00bb content_placement=\u00a0\u00bbmiddle\u00a0\u00bb][vc_column_inner][vc_column_text css=\u00a0\u00bb\u00a0\u00bb]<\/p>\n<h3>Gasthof zum Schl\u00fcssel<\/h3>\n<p>[\/vc_column_text][\/vc_column_inner][\/vc_row_inner][vc_row_inner equal_height=\u00a0\u00bbyes\u00a0\u00bb content_placement=\u00a0\u00bbmiddle\u00a0\u00bb][vc_column_inner width=\u00a0\u00bb1\/2&Prime;][\/vc_column_inner][vc_column_inner width=\u00a0\u00bb1\/2&Prime;][vc_column_text css=\u00a0\u00bb\u00a0\u00bb]Bienvenue au Gasthof zum Schl\u00fcssel. Nous, les Singinois, sommes connus pour notre hospitalit\u00e9. Nous cultivons cette tradition avec joie et esprit familial.<br \/>\nNotre b\u00e2tisse offre un espace adapt\u00e9 \u00e0 chaque h\u00f4te et \u00e0 chaque \u00e9v\u00e9nement. Nous vous invitons \u00e0 visiter notre Gasthof zum Schl\u00fcssel.<br \/>\nVivez une exp\u00e9rience passionnante, int\u00e9ressante\u2026 et sentez-vous tout simplement comme \u00e0 la maison.[\/vc_column_text][\/vc_column_inner][\/vc_row_inner][\/vc_column][\/vc_row][vc_row full_width=\u00a0\u00bbstretch_row\u00a0\u00bb el_class=\u00a0\u00bbbg-secondary-color margin-bottom-footer einblick\u00a0\u00bb][vc_column][vc_row_inner][vc_column_inner width=\u00a0\u00bb1\/2&Prime;]<div class='bloc-titre-image-lien'><a href='\/fr\/apercu\/le-cafe'><\/a><div class='titre'>Le caf\u00e9<\/div><div class='image' style='background-image: url(https:\/\/gasthofzumschluessel.ch\/wp-content\/uploads\/2025\/01\/Gasthof_zum_Schluessel_Ueberstorf_1-1_9313-scaled.jpg);' \/><\/div><\/div>[\/vc_column_inner][vc_column_inner width=\u00a0\u00bb1\/2&Prime;]<div class='bloc-titre-image-lien'><a href='\/fr\/apercu\/le-stuebli'><\/a><div class='titre'>Le \u00abSt\u00fcbli\u00bb<\/div><div class='image' style='background-image: url(https:\/\/gasthofzumschluessel.ch\/wp-content\/uploads\/2025\/01\/Gasthof_zum_Schluessel_Ueberstorf_Stuebli-win-01.jpg);' \/><\/div><\/div>[\/vc_column_inner][\/vc_row_inner][vc_row_inner][vc_column_inner width=\u00a0\u00bb1\/2&Prime;]<div class='bloc-titre-image-lien'><a href='\/fr\/apercu\/la-petite-salle'><\/a><div class='titre'>La petite salle<\/div><div class='image' style='background-image: url(https:\/\/gasthofzumschluessel.ch\/wp-content\/uploads\/2025\/01\/Gasthof_zum_Schluessel_Ueberstorf_PetiteSalle-win-01-scaled.jpg);' \/><\/div><\/div>[\/vc_column_inner][vc_column_inner width=\u00a0\u00bb1\/2&Prime;]<div class='bloc-titre-image-lien'><a href='\/fr\/apercu\/la-cave-bulliard'><\/a><div class='titre'>La cave Bulliard<\/div><div class='image' style='background-image: url(https:\/\/gasthofzumschluessel.ch\/wp-content\/uploads\/2025\/01\/Gasthof_zum_Schluessel_Ueberstorf_CaveBulliard-win-01.jpg);' \/><\/div><\/div>[\/vc_column_inner][\/vc_row_inner][vc_row_inner][vc_column_inner width=\u00a0\u00bb1\/2&Prime;]<div class='bloc-titre-image-lien'><a href='\/fr\/apercu\/la-cave-du-schlussel'><\/a><div class='titre'>La cave du Schl\u00fcssel<\/div><div class='image' style='background-image: url(https:\/\/gasthofzumschluessel.ch\/wp-content\/uploads\/2025\/01\/Gasthof_zum_Schluessel_Ueberstorf_CaveSchluessel-win-03-scaled.jpg);' \/><\/div><\/div>[\/vc_column_inner][vc_column_inner width=\u00a0\u00bb1\/2&Prime;]<div class='bloc-titre-image-lien'><a href='\/fr\/apercu\/la-cave-a-vin'><\/a><div class='titre'>La cave \u00e0 vin<\/div><div class='image' style='background-image: url(https:\/\/gasthofzumschluessel.ch\/wp-content\/uploads\/2025\/01\/Gasthof_zum_Schluessel_Ueberstorf_CaveVin01.jpg);' \/><\/div><\/div>[\/vc_column_inner][\/vc_row_inner][vc_row_inner][vc_column_inner width=\u00a0\u00bb1\/2&Prime;]<div class='bloc-titre-image-lien'><a href='\/fr\/apercu\/la-grande-salle'><\/a><div class='titre'>La grande salle<\/div><div class='image' style='background-image: url(https:\/\/gasthofzumschluessel.ch\/wp-content\/uploads\/2025\/01\/Gasthof_zum_Schluessel_Ueberstorf_GrandeSalle01.jpg);' \/><\/div><\/div>[\/vc_column_inner][vc_column_inner width=\u00a0\u00bb1\/2&Prime;]<div class='bloc-titre-image-lien'><a href='\/fr\/apercu\/la-terrasse'><\/a><div class='titre'>La terrasse<\/div><div class='image' style='background-image: url(https:\/\/gasthofzumschluessel.ch\/wp-content\/uploads\/2025\/11\/Gasthof_zum_Schluessel_Ueberstorf_Terrasse-win01-1.jpg);' \/><\/div><\/div>[\/vc_column_inner][\/vc_row_inner][vc_row_inner][vc_column_inner width=\u00a0\u00bb1\/2&Prime;]<div class='bloc-titre-image-lien'><a href='\/fr\/apercu\/aire-de-jeux'><\/a><div class='titre'>Aire de jeux<\/div><div class='image' style='background-image: url(https:\/\/gasthofzumschluessel.ch\/wp-content\/uploads\/2025\/01\/Gasthof_zum_Schluessel_Ueberstorf_Carrousel.jpg);' \/><\/div><\/div>[\/vc_column_inner][vc_column_inner width=\u00a0\u00bb1\/2&Prime;]<div class='bloc-titre-image-lien'><a href='\/fr\/chambres\/'><\/a><div class='titre'>Studios &amp; suite<\/div><div class='image' style='background-image: url(https:\/\/gasthofzumschluessel.ch\/wp-content\/uploads\/2025\/01\/Gasthof_zum_Schluessel_Ueberstorf_ferienwohnung01-scaled.jpg);' \/><\/div><\/div>[\/vc_column_inner][\/vc_row_inner][\/vc_column][\/vc_row]<\/p>\n<\/div>","protected":false},"excerpt":{"rendered":"<p>[vc_row full_width=\u00a0\u00bbstretch_row\u00a0\u00bb el_class=\u00a0\u00bbbg-secondary-color pb-0&Prime;][vc_column][vc_row_inner equal_height=\u00a0\u00bbyes\u00a0\u00bb content_placement=\u00a0\u00bbmiddle\u00a0\u00bb][vc_column_inner][vc_column_text css=\u00a0\u00bb\u00a0\u00bb] Gasthof zum Schl\u00fcssel [\/vc_column_text][\/vc_column_inner][\/vc_row_inner][vc_row_inner equal_height=\u00a0\u00bbyes\u00a0\u00bb content_placement=\u00a0\u00bbmiddle\u00a0\u00bb][vc_column_inner width=\u00a0\u00bb1\/2&Prime;][\/vc_column_inner][vc_column_inner width=\u00a0\u00bb1\/2&Prime;][vc_column_text css=\u00a0\u00bb\u00a0\u00bb]Bienvenue au Gasthof zum Schl\u00fcssel. Nous, les Singinois, sommes connus pour notre hospitalit\u00e9. Nous cultivons cette tradition avec joie et esprit familial. Notre b\u00e2tisse offre un espace adapt\u00e9 \u00e0 chaque h\u00f4te et \u00e0 chaque \u00e9v\u00e9nement. Nous vous invitons \u00e0 visiter [&hellip;]<\/p>\n","protected":false},"author":1,"featured_media":0,"parent":0,"menu_order":38,"comment_status":"closed","ping_status":"closed","template":"","meta":{"_acf_changed":false,"inline_featured_image":false,"footnotes":""},"class_list":["post-1015","page","type-page","status-publish","hentry"],"acf":[],"_links":{"self":[{"href":"https:\/\/gasthofzumschluessel.ch\/fr\/wp-json\/wp\/v2\/pages\/1015","targetHints":{"allow":["GET"]}}],"collection":[{"href":"https:\/\/gasthofzumschluessel.ch\/fr\/wp-json\/wp\/v2\/pages"}],"about":[{"href":"https:\/\/gasthofzumschluessel.ch\/fr\/wp-json\/wp\/v2\/types\/page"}],"author":[{"embeddable":true,"href":"https:\/\/gasthofzumschluessel.ch\/fr\/wp-json\/wp\/v2\/users\/1"}],"replies":[{"embeddable":true,"href":"https:\/\/gasthofzumschluessel.ch\/fr\/wp-json\/wp\/v2\/comments?post=1015"}],"version-history":[{"count":14,"href":"https:\/\/gasthofzumschluessel.ch\/fr\/wp-json\/wp\/v2\/pages\/1015\/revisions"}],"predecessor-version":[{"id":1478,"href":"https:\/\/gasthofzumschluessel.ch\/fr\/wp-json\/wp\/v2\/pages\/1015\/revisions\/1478"}],"wp:attachment":[{"href":"https:\/\/gasthofzumschluessel.ch\/fr\/wp-json\/wp\/v2\/media?parent=1015"}],"curies":[{"name":"wp","href":"https:\/\/api.w.org\/{rel}","templated":true}]}}

Aperçu

<div class="wpb-content-wrapper"><p>[vc_row full_width= »stretch_row » el_class= »bg-secondary-color pb-0&Prime;][vc_column][vc_row_inner equal_height= »yes » content_placement= »middle »][vc_column_inner][vc_column_text css= » »]</p>
<h3>Gasthof zum Schlüssel</h3>
<p>[/vc_column_text][/vc_column_inner][/vc_row_inner][vc_row_inner equal_height= »yes » content_placement= »middle »][vc_column_inner width= »1/2&Prime;][/vc_column_inner][vc_column_inner width= »1/2&Prime;][vc_column_text css= » »]Bienvenue au Gasthof zum Schlüssel. Nous, les Singinois, sommes connus pour notre hospitalité. Nous cultivons cette tradition avec joie et esprit familial.<br />
Notre bâtisse offre un espace adapté à chaque hôte et à chaque événement. Nous vous invitons à visiter notre Gasthof zum Schlüssel.<br />
Vivez une expérience passionnante, intéressante… et sentez-vous tout simplement comme à la maison.[/vc_column_text][/vc_column_inner][/vc_row_inner][/vc_column][/vc_row][vc_row full_width= »stretch_row » el_class= »bg-secondary-color margin-bottom-footer einblick »][vc_column][vc_row_inner][vc_column_inner width= »1/2&Prime;]<div class='bloc-titre-image-lien'><a href='/fr/apercu/le-cafe'></a><div class='titre'>Le café</div><div class='image' style='background-image: url(https://gasthofzumschluessel.ch/wp-content/uploads/2025/01/Gasthof_zum_Schluessel_Ueberstorf_1-1_9313-scaled.jpg);' /></div></div>[/vc_column_inner][vc_column_inner width= »1/2&Prime;]<div class='bloc-titre-image-lien'><a href='/fr/apercu/le-stuebli'></a><div class='titre'>Le «Stübli»</div><div class='image' style='background-image: url(https://gasthofzumschluessel.ch/wp-content/uploads/2025/01/Gasthof_zum_Schluessel_Ueberstorf_Stuebli-win-01.jpg);' /></div></div>[/vc_column_inner][/vc_row_inner][vc_row_inner][vc_column_inner width= »1/2&Prime;]<div class='bloc-titre-image-lien'><a href='/fr/apercu/la-petite-salle'></a><div class='titre'>La petite salle</div><div class='image' style='background-image: url(https://gasthofzumschluessel.ch/wp-content/uploads/2025/01/Gasthof_zum_Schluessel_Ueberstorf_PetiteSalle-win-01-scaled.jpg);' /></div></div>[/vc_column_inner][vc_column_inner width= »1/2&Prime;]<div class='bloc-titre-image-lien'><a href='/fr/apercu/la-cave-bulliard'></a><div class='titre'>La cave Bulliard</div><div class='image' style='background-image: url(https://gasthofzumschluessel.ch/wp-content/uploads/2025/01/Gasthof_zum_Schluessel_Ueberstorf_CaveBulliard-win-01.jpg);' /></div></div>[/vc_column_inner][/vc_row_inner][vc_row_inner][vc_column_inner width= »1/2&Prime;]<div class='bloc-titre-image-lien'><a href='/fr/apercu/la-cave-du-schlussel'></a><div class='titre'>La cave du Schlüssel</div><div class='image' style='background-image: url(https://gasthofzumschluessel.ch/wp-content/uploads/2025/01/Gasthof_zum_Schluessel_Ueberstorf_CaveSchluessel-win-03-scaled.jpg);' /></div></div>[/vc_column_inner][vc_column_inner width= »1/2&Prime;]<div class='bloc-titre-image-lien'><a href='/fr/apercu/la-cave-a-vin'></a><div class='titre'>La cave à vin</div><div class='image' style='background-image: url(https://gasthofzumschluessel.ch/wp-content/uploads/2025/01/Gasthof_zum_Schluessel_Ueberstorf_CaveVin01.jpg);' /></div></div>[/vc_column_inner][/vc_row_inner][vc_row_inner][vc_column_inner width= »1/2&Prime;]<div class='bloc-titre-image-lien'><a href='/fr/apercu/la-grande-salle'></a><div class='titre'>La grande salle</div><div class='image' style='background-image: url(https://gasthofzumschluessel.ch/wp-content/uploads/2025/01/Gasthof_zum_Schluessel_Ueberstorf_GrandeSalle01.jpg);' /></div></div>[/vc_column_inner][vc_column_inner width= »1/2&Prime;]<div class='bloc-titre-image-lien'><a href='/fr/apercu/la-terrasse'></a><div class='titre'>La terrasse</div><div class='image' style='background-image: url(https://gasthofzumschluessel.ch/wp-content/uploads/2025/11/Gasthof_zum_Schluessel_Ueberstorf_Terrasse-win01-1.jpg);' /></div></div>[/vc_column_inner][/vc_row_inner][vc_row_inner][vc_column_inner width= »1/2&Prime;]<div class='bloc-titre-image-lien'><a href='/fr/apercu/aire-de-jeux'></a><div class='titre'>Aire de jeux</div><div class='image' style='background-image: url(https://gasthofzumschluessel.ch/wp-content/uploads/2025/01/Gasthof_zum_Schluessel_Ueberstorf_Carrousel.jpg);' /></div></div>[/vc_column_inner][vc_column_inner width= »1/2&Prime;]<div class='bloc-titre-image-lien'><a href='/fr/chambres/'></a><div class='titre'>Studios &amp; suite</div><div class='image' style='background-image: url(https://gasthofzumschluessel.ch/wp-content/uploads/2025/01/Gasthof_zum_Schluessel_Ueberstorf_ferienwohnung01-scaled.jpg);' /></div></div>[/vc_column_inner][/vc_row_inner][/vc_column][/vc_row]</p>
</div>

<p>[vc_row full_width= »stretch_row » el_class= »bg-secondary-color pb-0&Prime;][vc_column][vc_row_inner equal_height= »yes » content_placement= »middle »][vc_column_inner][vc_column_text css= » »] Gasthof zum Schlüssel [/vc_column_text][/vc_column_inner][/vc_row_inner][vc_row_inner equal_height= »yes » content_placement= »middle »][vc_column_inner width= »1/2&Prime;][/vc_column_inner][vc_column_inner width= »1/2&Prime;][vc_column_text css= » »]Bienvenue au Gasthof zum Schlüssel. Nous, les Singinois, sommes connus pour notre hospitalité. Nous cultivons cette tradition avec joie et esprit familial. Notre bâtisse offre un espace adapté à chaque hôte et à chaque événement. Nous vous invitons à visiter [&hellip;]</p>
